nder when 31 is divided by b?
9
Let z = 3 + 14. Suppose 0 = -g - 5*s + 10, -5*g + 4*s + 4 = -17. What is the remainder when z is divided by g?
2
Let n be 6 + (-2)/(-4)*-2. Suppose -2*y + c = -7, -c + 3 - n = 3*y. Suppose -2*i + 0*q = -2*q + 6, -4 = -q. Calculate the remainder when y is divided by i.
0
Let b = -6 + 6. Suppose 3*d + d - 8 = b. Suppose -d*y = 20 - 64. What is the remainder when y is divided by 6?
4
Suppose 2*h - 4*h + 4 = 0. Suppose -27*y + 20 + 61 = 0. Calculate the remainder when y is divided by h.
1
Let g(h) = 3*h**2 - 1. Let o be 2/((-4)/11)*2. Let m = o - -31. What is the remainder when m is divided by g(-2)?
9
Let l = -8 - 11. What is the remainder when 82 is divided by 2 - l - (1 + -1)?
19
Suppose -2*w + 9 = -5*c, 3*w - 3*c - c - 17 = 0. Suppose u + 185 = -0*d - 3*d, 4*u + 200 = -3*d. Calculate the remainder when w is divided by 6/(-21) + d/(-14).
3
Suppose -t = -7 - 5. Suppose w + 10 = 3*w. Let i = 2 + w. Calculate the remainder when t is divided by i.
5
Let m = -6 + 6. Suppose 2*y = 5*w - 8, m*w - 5*y + 7 = w. What is the remainder when 4 is divided by w?
0
Let z(c) = c**3 - 31*c**2 + 2*c + 5. Calculate the remainder when 266 is divided by z(31).
65
Let p be (-3)/9 - (-3)/9. Calculate the remainder when (-42)/(2/(-2 - p)) is divided by 22.
20
Suppose -4*q + 2*q + 16 = 5*t, 2*q - 3*t - 32 = 0. What is the remainder when q is divided by 5?
3
Suppose y - 63 = -11*n + 7*n, 258 = 5*y + n. Calculate the remainder when y is divided by 18.
15
Let h(i) = 5*i**2 + 1. Let w be h(-1). Suppose w*p - 2*p + 8 = 0. What is the remainder when (p/(-3))/((-6)/(-27)) is divided by 3?
0
Suppose 0 = x - 4*r - 26, 5*x - x - 4*r - 44 = 0. What is the remainder when x is divided by 2?
0
Let o = -20 + 29. Calculate the remainder when 16 is divided by o.
7
Suppose i - 17 = -2. Let t = 148 - 89. Calculate the remainder when t is divided by i.
14
Let j(n) = -n + 20. Suppose 4*d - 2*u = 3*u + 3, 5*u = -d - 18. What is the remainder when (-2)/d*666/12 is divided by j(0)?
17
Let r(s) = s**3 + 4*s**2 - 2*s - 5. Let q be r(-4). Suppose q*j + j = -180. What is the remainder when 2 is divided by (-10)/j + (-7)/(-9)?
0
Suppose 0 = 4*a - 2*s + s - 241, -a - 4*s = -39. Calculate the remainder when a is divided by 15.
14
Let x(z) = -z**3 + 16*z**2 + 37*z - 12. Let l = 8 - 5. Suppose 5*g - 53 + l = 0. Calculate the remainder when g is divided by x(18).
4
Let c = -12 - -20. Calculate the remainder when 31 is divided by c.
7
Let a = -25 - -23. Let h(w) = -13*w - 7. What is the remainder when h(a) is divided by 11?
8
Let i = -12 - -28. Suppose -4*s + 2*s + i = 0. What is the remainder when 29 is divided by s?
5
Suppose l - 5 = 2*q, -4*l - 3*q + 50 = -3. Suppose -2*s + 6*s - 64 = 0. What is the remainder when 324/s + 2/(-8) is divided by l?
9
Let h be 9/(-6) + 1/2. What is the remainder when (h*1)/((-4)/12) is divided by 3?
0
Suppose 70 = 2*o + 3*y, 5*o - 68 = 5*y + 107. Suppose -j = -6*j + 60. What is the remainder when o is divided by j?
11
Calculate the remainder when 7 is divided by -6*(21/6)/(-7).
1
Suppose 168 - 1212 = -6*m. Calculate the remainder when m is divided by 44.
42
Let o(x) = 53*x**3 - x + 1. Let s be o(1). Let f = s - 15. Calculate the remainder when f is divided by 20.
18
Let r = 33 - 57. Let h = -11 - r. What is the remainder when h is divided by 4?
1
Let r = -96 - -149. Let h(t) = 2*t**2 + 4*t + 3. Let y be h(-2). Suppose -y*c = 6 - 48. What is the remainder when r is divided by c?
11
Let c(r) = r**3 - 2 - r**3 + 5*r**2 + 3*r + r**3. Let w be c(-3). Let g(y) = -y**3 + 8*y**2 - 7*y + 4. What is the remainder when g(w) is divided by 3?
1
Suppose 0 = 2*h - 5*h + 6. Let g(f) = f - 4. Let j(p) = -p + 2. Let q be j(-4). What is the remainder when h is divided by g(q)?
0
Let w = -30 - -47. Let q be -1 + (-2 + 2)*1. What is the remainder when w is divided by (q/3)/((-2)/54)?
8
Let r(j) = -2 + 4 - 4*j + 2 + j**3 + 6*j. Calculate the remainder when r(0) is divided by 3.
1
Let j = -32 + 35. What is the remainder when 9 is divided by j?
0
Calculate the remainder when 7 is divided by 10 + 3*-8*(-4)/(-24).
1
Let d(v) = 9*v + 10. Calculate the remainder when d(4) is divided by 16.
14
Let m(g) = -2*g - 28. What is the remainder when 1/2 + 63/2 is divided by m(-23)?
14
Let z(r) = -r**3 + 3. Suppose -4*o + 2*x + 53 = x, 2*x - 50 = -5*o. Suppose -o = -3*n + 9. Calculate the remainder when n is divided by z(0).
1
Let x(a) = -3*a - 25. Calculate the remainder when 33 is divided by x(-10).
3
Suppose -6*y + 5*b = -2*y - 26, 0 = -y + b + 6. Suppose y*a - 3*x = 14, -3*x + 4 = -0*a + 5*a. What is the remainder when 3 is divided by a?
1
Let s be -3*((-4)/6)/(-1). What is the remainder when 6/9*(-114)/s is divided by 13?
12
Let d = -3 + 62. Calculate the remainder when d is divided by 20.
19
Let u(v) = 4*v**2 + v. Let d(z) = -z + 5. Let y be d(4). What is the remainder when 18 is divided by u(y)?
3
Let x = 3 + -9. Let u = x + 8. Let j(s) = -s**3 + 2*s**2 + 3*s + 4. What is the remainder when j(3) is divided by u?
0
Suppose -5*m - 121 = -486. What is the remainder when m is divided by 19?
16
Let b(n) = -4*n - 5. Let f = -1 + 1. Suppose 0 = -5*s - f*s + 2*k + 151, 4*s = 4*k + 116. What is the remainder when s is divided by b(-4)?
9
Let h(a) = -2*a**2 + 53*a - 25. Calculate the remainder when 2 is divided by h(26).
0
Let k = 19 + -13. What is the remainder when 22 is divided by k?
4
Let h be (0 - 18/15)*5. Let b = 4 - -1. Calculate the remainder when h/(-8) - (-159)/12 is divided by b.
4
Suppose -3*u - 69 = 3*f, 4*f = -0*u + 4*u + 100. Let g(x) = x**3 + 8*x**2 + x + 4. Let h be g(-6). Let d = h + u. What is the remainder when d is divided by 16?
14
Let f = -12 - -7. Let q = 11 + f. Suppose -q = -2*m, 3*r - 3*m + 2 = -4. Calculate the remainder when 2 is divided by r.
0
Suppose -i - 20 = -6*i. Let m = 3 - -6. Suppose -5 = -2*y + m. Calculate the remainder when y is divided by i.
3
Suppose -4*d + 11 = -9. Suppose 4*r + 49 = d*k, 5*r = 2*k - 5 - 1. Suppose 4*p = 2 + 18. What is the remainder when k is divided by p?
3
Let i = -55 + 83. Let w = 47 - i. What is the remainder when 56 is divided by w?
18
Let a = 15 - -25. Let l = a - 15. What is the remainder when l is divided by 14?
11
Suppose 3*v - 9 = -4*g, -v = -3*g - 0*v + 10. Let a = g - 2. Calculate the remainder when 27 is divided by 14 + a*(0 - 0).
13
Suppose -30 = -2*t + 3*t. Let a = -6 - t. What is the remainder when a is divided by 13?
11
Calculate the remainder when 23/(-3*4/(-48)) is divided by 24.
20
Let m = -19 - -48. What is the remainder when (m/(-4))/((-1)/4) is divided by 8?
5
Suppose -1 = -l + 5. Suppose -3*s + y - 1 + 9 = 0, s + 4*y + l = 0. Let x = 6 - s. Calculate the remainder when 7 is divided by x.
3
Let m(i) = 2*i**2 + 2*i**2 + 3*i - i - 3*i**2. Suppose 0 = 2*f + 4*a + 16, 4*f + 17 = -9*a + 4*a. Calculate the remainder when 14 is divided by m(f).
6
Let u = -11 - -42. What is the remainder when u is divided by 11?
9
Let g = 23 + -12. Suppose 6*q - 11*q = -80. Let r = q - g. What is the remainder when 14 is divided by r?
4
Suppose 2*v - 105 = -3*v. Let z = 6 - 2. Calculate the remainder when v is divided by 1/(-1) + z + 8.
10
Let v be 24*(3 - 2) + 2. Suppose -v = -2*x - 0*x. Let a = x + -9. What is the remainder when a is divided by 3?
1
Let j(l) = -l**2 + 6*l + 5. Let y be 7*(0 - 12/(-14)). Calculate the remainder when 14 is divided by j(y).
4
Let a = 12 - 2. What is the remainder when a is divided by 3?
1
What is the remainder when 46 is divided by 168/(-70)*40/(-6)?
14
Let o(i) = 4*i - 5. Let j(p) = p**2 + 9*p + 11. Let k be j(-8). What is the remainder when 25 is divided by o(k)?
4
Let i be ((0 + 0)/(-1))/1. Suppose -g = p + 3*g - 15, i = -5*g + 10. Calculate the remainder when p is divided by 4.
3
Let l(b) = -b**3 + 10*b**2 + 18*b - 15. What is the remainder when l(11) is divided by 33?
29
Let d be (-2)/(1 - -1) + 3. Suppose -2*l + 30 = -d. What is the remainder when l is divided by 9?
7
Let q be -1*(1 + 0 - 5). Suppose 2*i = -0*i + 4, 3*v - 7 = 4*i. Suppose -5*u + 12 = -u - q*s, u - v*s = -5. Calculate the remainder when u is divided by 4.
1
Calculate the remainder when 19 is divided by ((-10)/(-6))/(8/48).
9
Suppose -i = -2*i + 2. Suppose -i*k - v = -0*v - 22, -22 = -2*k - 3*v. Suppose 5*p - 54 